{"id":378,"date":"2019-04-18T11:11:59","date_gmt":"2019-04-18T09:11:59","guid":{"rendered":"http:\/\/dev.cascinasanvincenzo.org\/?page_id=378"},"modified":"2022-12-09T17:13:27","modified_gmt":"2022-12-09T16:13:27","slug":"se-sei-unazienda","status":"publish","type":"page","link":"https:\/\/cascinasanvincenzo.org\/?page_id=378","title":{"rendered":"SE SEI UN&#8217;AZIENDA"},"content":{"rendered":"<h2 style=\"text-align: left;\"><span style=\"color: #ff9900;\"><strong>CREIAMO VALORE INSIEME !<\/strong><\/span><\/h2>\n<h3><img loading=\"lazy\" decoding=\"async\" class=\"size-medium wp-image-805 alignright\" src=\"http:\/\/dev.cascinasanvincenzo.org\/wp-content\/uploads\/2019\/07\/crearevalore-300x267.png\" alt=\"\" width=\"300\" height=\"267\" srcset=\"https:\/\/cascinasanvincenzo.org\/wp-content\/uploads\/2019\/07\/crearevalore-300x267.png 300w, https:\/\/cascinasanvincenzo.org\/wp-content\/uploads\/2019\/07\/crearevalore.png 310w\" sizes=\"auto, (max-width: 300px) 100vw, 300px\" \/>Da oltre dieci anni, ci prendiamo cura di persone con autismo attraverso <strong>servizi innovativi e progetti che abbiano al centro il loro benessere e quello della loro famiglia<\/strong>\u00a0promuovendo una cultura inclusiva e il rispetto della diversit\u00e0.<\/h3>\n<h2><strong><span style=\"color: #ff9900;\">PERCHE&#8217; LA TUA AZIENDA DOVREBBE SOSTENERE IL NOSTRO LAVORO ?<\/span><\/strong><\/h2>\n<h3><strong>&gt; ECCELLENZA<\/strong>: il nostro approccio di metodo originale, le competenze interne, la predisposizione all\u2019ascolto dei bisogni delle famiglie e del territorio, la capacit\u00e0 di innovazione ci rendono una realt\u00e0 unica nella provincia di Monza e Brianza;<\/h3>\n<h3><strong>&gt; FLESSIBILITA&#8217;<\/strong>: i nostri progetti permettono una declinazione molto ampia della responsabilit\u00e0 sociale d\u2019impresa: sceglieremo insieme le modalit\u00e0 di sostegno e di partnership, cos\u00ec da massimizzare l\u2019impatto del tuo aiuto;<\/h3>\n<h3><strong>&gt; RENDICONTAZIONE E REPORTISTICA DI PROGETTO<\/strong>: Ti terremo aggiornato sull\u2019avanzamento dei nostri progetti, coinvolgendoTi nelle nostre iniziative e valorizzando il Tuo aiuto;<\/h3>\n<h3><strong>&gt; VANTAGGI FISCALI<\/strong>: la Tua donazione a favore dei nostri progetti \u00e8 deducibile fiscalmente.<\/h3>\n<blockquote>\n<h3><strong><img loading=\"lazy\" decoding=\"async\" class=\"alignleft wp-image-808\" src=\"http:\/\/dev.cascinasanvincenzo.org\/wp-content\/uploads\/2019\/07\/Schermata-2019-07-14-alle-12.37.10-300x300.png\" alt=\"\" width=\"213\" height=\"213\" srcset=\"https:\/\/cascinasanvincenzo.org\/wp-content\/uploads\/2019\/07\/Schermata-2019-07-14-alle-12.37.10-300x300.png 300w, https:\/\/cascinasanvincenzo.org\/wp-content\/uploads\/2019\/07\/Schermata-2019-07-14-alle-12.37.10-150x150.png 150w, https:\/\/cascinasanvincenzo.org\/wp-content\/uploads\/2019\/07\/Schermata-2019-07-14-alle-12.37.10-50x50.png 50w, https:\/\/cascinasanvincenzo.org\/wp-content\/uploads\/2019\/07\/Schermata-2019-07-14-alle-12.37.10.png 652w\" sizes=\"auto, (max-width: 213px) 100vw, 213px\" \/><\/strong><\/h3>\n<\/blockquote>\n<h2><span style=\"color: #ff9900;\"><strong>RAGGIUNGERE INSIEME OBIETTIVI SEMPRE PIU&#8217; IMPORTANTI<\/strong><\/span><\/h2>\n<h3>Per raggiungere insieme obiettivi sempre pi\u00f9 importanti abbiamo a disposizione tanti strumenti: scrivici a <a href=\"mailto:info@cascinasanvincenzo.org\">info@cascinasanvincenzo.org<\/a> e studieremo insieme la modalit\u00e0 di sostegno migliore per la tua azienda:<\/h3>\n<p>&nbsp;<\/p>\n<h3><strong>&gt; CAUSE RELATED MARKETING<\/strong>: il Tuo prodotto e i Tuoi Clienti possono essere protagonisti della scelta di responsabilit\u00e0 sociale della tua azienda, grazie a una campagna di co-marketing che potremo mettere a punto insieme;<\/h3>\n<h3><strong>&gt; FATTI NOSTRO PORTAVOCE<\/strong>: i Tuoi Clienti, i Tuoi Fornitori, i Tuoi Dipendenti e i Tuoi Investitori sono tutti potenziali sostenitori dei nostri progetti: la tua Azienda pu\u00f2 mettere a disposizione dei nostri progetti i suoi canali di comunicazione, per raccogliere fondi e sensibilizzare pi\u00f9 persone possibile;<\/h3>\n<h3><strong>&gt; SPONSORIZZAZIONE<\/strong>: sostieni le nostre campagne durante i nostri pi\u00f9 importanti eventi pubblici. Potrai cogliere nuove opportunit\u00e0 di comunicazione e, allo stesso tempo, sensibilizzare i tuoi stakeholder;<\/h3>\n<h3><strong>&gt; EROGAZIONE LIBERALE<\/strong>: puoi sostenerci attraverso una donazione libera di denaro da destinarsi a uno dei nostri progetti;<\/h3>\n<h3><strong>&gt; GIFT IN KIND<\/strong>: la Tua Azienda pu\u00f2 sostenerci offrendoci beni o servizi. Le donazioni in natura sono paragonabili a una donazione in denaro, dando diritto ad usufruire ai vantaggi fiscali previsti per legge;<\/h3>\n<h3><strong><img loading=\"lazy\" decoding=\"async\" class=\"alignright wp-image-815\" src=\"http:\/\/dev.cascinasanvincenzo.org\/wp-content\/uploads\/2019\/07\/coop1-300x300.png\" alt=\"\" width=\"195\" height=\"195\" srcset=\"https:\/\/cascinasanvincenzo.org\/wp-content\/uploads\/2019\/07\/coop1-300x300.png 300w, https:\/\/cascinasanvincenzo.org\/wp-content\/uploads\/2019\/07\/coop1-150x150.png 150w, https:\/\/cascinasanvincenzo.org\/wp-content\/uploads\/2019\/07\/coop1-50x50.png 50w, https:\/\/cascinasanvincenzo.org\/wp-content\/uploads\/2019\/07\/coop1.png 512w\" sizes=\"auto, (max-width: 195px) 100vw, 195px\" \/>&gt; PAYROLL GIVING<\/strong>: la Tua Azienda pu\u00f2 sostenerci promuovendo presso i suoi dipendenti il payroll giving. Si tratta di una modalit\u00e0 di donazione volontaria continuativa e proporzionata allo stipendio, che permette ai Tuoi Dipendenti di dare ancora pi\u00f9 valore al proprio tempo, scegliendo di devolvere una o pi\u00f9 ore di lavoro al mese a Cascina San Vincenzo e ai suoi progetti.<\/h3>\n<h3><strong>&gt; 5\u00d71000<\/strong>: la Tua Azienda pu\u00f2 fare moltissimo per diffondere la nostra campagna, sensibilizzando gli stakeholder sull\u2019importanza di devolvere il \u00a05&#215;1000 del proprio IRPEF a favore di Cascina San Vincenzo.<\/h3>\n","protected":false},"excerpt":{"rendered":"<p>CREIAMO VALORE INSIEME ! Da oltre dieci anni, ci prendiamo cura di persone con autismo attraverso servizi innovativi e progetti che abbiano al centro il loro benessere e quello della &#8230;<\/p>\n","protected":false},"author":2,"featured_media":0,"parent":0,"menu_order":0,"comment_status":"closed","ping_status":"closed","template":"","meta":{"footnotes":""},"class_list":["post-378","page","type-page","status-publish","hentry"],"_links":{"self":[{"href":"https:\/\/cascinasanvincenzo.org\/index.php?rest_route=\/wp\/v2\/pages\/378","targetHints":{"allow":["GET"]}}],"collection":[{"href":"https:\/\/cascinasanvincenzo.org\/index.php?rest_route=\/wp\/v2\/pages"}],"about":[{"href":"https:\/\/cascinasanvincenzo.org\/index.php?rest_route=\/wp\/v2\/types\/page"}],"author":[{"embeddable":true,"href":"https:\/\/cascinasanvincenzo.org\/index.php?rest_route=\/wp\/v2\/users\/2"}],"replies":[{"embeddable":true,"href":"https:\/\/cascinasanvincenzo.org\/index.php?rest_route=%2Fwp%2Fv2%2Fcomments&post=378"}],"version-history":[{"count":21,"href":"https:\/\/cascinasanvincenzo.org\/index.php?rest_route=\/wp\/v2\/pages\/378\/revisions"}],"predecessor-version":[{"id":1076,"href":"https:\/\/cascinasanvincenzo.org\/index.php?rest_route=\/wp\/v2\/pages\/378\/revisions\/1076"}],"wp:attachment":[{"href":"https:\/\/cascinasanvincenzo.org\/index.php?rest_route=%2Fwp%2Fv2%2Fmedia&parent=378"}],"curies":[{"name":"wp","href":"https:\/\/api.w.org\/{rel}","templated":true}]}}